{"id":6,"date":"2025-10-13T20:28:16","date_gmt":"2025-10-13T20:28:16","guid":{"rendered":"https:\/\/automatizaciones.accesia.info\/?page_id=6"},"modified":"2025-10-22T01:53:01","modified_gmt":"2025-10-22T01:53:01","slug":"inicio","status":"publish","type":"page","link":"https:\/\/automatizaciones.accesia.info\/","title":{"rendered":"Inicio"},"content":{"rendered":"<!-- wp:themify-builder\/canvas \/-->","protected":false},"excerpt":{"rendered":"","protected":false},"author":2,"featured_media":0,"parent":0,"menu_order":0,"comment_status":"closed","ping_status":"closed","template":"","meta":{"footnotes":""},"class_list":["post-6","page","type-page","status-publish","hentry","has-post-title","has-post-date","has-post-category","has-post-tag","has-post-comment","has-post-author",""],"builder_content":"<form method=\"POST\" action=\"https:\/\/hook.eu2.make.com\/hfmg36ntpmjtubkmeamcrz6osfgyeppn\"> <h2>Generar Locuciones Autom\u00e1ticas<\/h2>\n<label>Enlace al Excel (Google Sheets):<\/label> <input type=\"url\" name=\"excelUrl\" required>\n<label>Nombre de la hoja:<\/label> <input type=\"text\" name=\"hoja_excel\" placeholder=\"Ejemplo: Hoja 1\" required>\n<label>Rango a procesar:<\/label> <input type=\"text\" name=\"rango_excel\" placeholder=\"Ejemplo: A2:B50\" required>\n<label>Idioma:<\/label> <select name=\"idioma\" required> <option value=\"es\">Espa\u00f1ol<\/option> <option value=\"en\">Ingl\u00e9s<\/option> <\/select>\n<label>Voz:<\/label> <select name=\"voz\" required> <option value=\"Alvaro\">Alvaro (Espa\u00f1ol)<\/option> <option value=\"Avery\">Avery (Ingl\u00e9s)<\/option> <\/select>\n<label>Velocidad:<\/label> <input type=\"number\" name=\"velocidad\" step=\"0.1\" value=\"1\">\n<label>Pitch:<\/label> <input type=\"number\" name=\"pitch\" step=\"0.1\" value=\"0\">\n<label>Carpeta destino FTP:<\/label> <input type=\"text\" name=\"ftp_path\" placeholder=\"\/audio\/test\/\" required>\n<button type=\"submit\">Iniciar Automatizaci\u00f3n<\/button> <\/form>\n<form action=\"https:\/\/hook.eu2.make.com\/eiwu615obaeeu5wk2njndprsuvioyv8g\" method=\"post\"> <h2>Generador Lectura F\u00e1cil<\/h2>\n<label for=\"doc_link\">Enlace al documento de Google Docs:<\/label> <input type=\"url\" name=\"doc_link\" required>\n<label for=\"folder\">Carpeta de destino (opcional):<\/label> <input type=\"text\" name=\"folder\">\n<input type=\"submit\" value=\"Adaptar a Lectura F\u00e1cil\"> <\/form>\n<!doctype html> <html lang=\"es\"> <head> <meta charset=\"utf-8\" \/> <meta name=\"viewport\" content=\"width=device-width,initial-scale=1\" \/> <title>Auditor\u00eda de Accesibilidad<\/title> <\/head> <body> <h1>Solicitar auditor\u00eda A11y<\/h1> <p>Recibir\u00e1s el PDF por email y ver\u00e1s un resumen en la p\u00e1gina de resultado.<\/p>\n <form action=\"ACTION_WEBHOOK_AQUI\" method=\"POST\" novalidate> <label> URL a auditar <input name=\"url\" type=\"url\" required placeholder=\"https:\/\/ejemplo.com\" \/> <\/label> <label> Tu email <input name=\"email\" type=\"email\" required placeholder=\"tu@dominio.com\" \/> <\/label> <button type=\"submit\">Auditar<\/button> <\/form> <\/body> <\/html>","_links":{"self":[{"href":"https:\/\/automatizaciones.accesia.info\/index.php?rest_route=\/wp\/v2\/pages\/6","targetHints":{"allow":["GET"]}}],"collection":[{"href":"https:\/\/automatizaciones.accesia.info\/index.php?rest_route=\/wp\/v2\/pages"}],"about":[{"href":"https:\/\/automatizaciones.accesia.info\/index.php?rest_route=\/wp\/v2\/types\/page"}],"author":[{"embeddable":true,"href":"https:\/\/automatizaciones.accesia.info\/index.php?rest_route=\/wp\/v2\/users\/2"}],"replies":[{"embeddable":true,"href":"https:\/\/automatizaciones.accesia.info\/index.php?rest_route=%2Fwp%2Fv2%2Fcomments&post=6"}],"version-history":[{"count":46,"href":"https:\/\/automatizaciones.accesia.info\/index.php?rest_route=\/wp\/v2\/pages\/6\/revisions"}],"predecessor-version":[{"id":87,"href":"https:\/\/automatizaciones.accesia.info\/index.php?rest_route=\/wp\/v2\/pages\/6\/revisions\/87"}],"wp:attachment":[{"href":"https:\/\/automatizaciones.accesia.info\/index.php?rest_route=%2Fwp%2Fv2%2Fmedia&parent=6"}],"curies":[{"name":"wp","href":"https:\/\/api.w.org\/{rel}","templated":true}]}}